{"id":230,"date":"2021-05-08T08:44:37","date_gmt":"2021-05-08T08:44:37","guid":{"rendered":"https:\/\/cristianomouraoblindado.com.br\/index.php\/services\/"},"modified":"2024-06-15T11:01:09","modified_gmt":"2024-06-15T14:01:09","slug":"servicos","status":"publish","type":"page","link":"https:\/\/cristianomouraoblindado.com.br\/index.php\/servicos\/","title":{"rendered":"Servi\u00e7os"},"content":{"rendered":"\t\t<div data-elementor-type=\"wp-page\" data-elementor-id=\"230\" class=\"elementor elementor-230\" data-elementor-post-type=\"page\">\n\t\t\t\t<div class=\"elementor-element elementor-element-8d19524 e-flex e-con-boxed e-con e-parent\" data-id=\"8d19524\" data-element_type=\"container\">\n\t\t\t\t\t<div class=\"e-con-inner\">\n\t\t\t\t\t<\/div>\n\t\t\t\t<\/div>\n\t\t<div class=\"elementor-element elementor-element-aab2e7e e-flex e-con-boxed e-con e-parent\" data-id=\"aab2e7e\" data-element_type=\"container\">\n\t\t\t\t\t<div class=\"e-con-inner\">\n\t\t\t\t<div class=\"elementor-element elementor-element-5ccdce2 elementor-widget elementor-widget-spacer\" data-id=\"5ccdce2\" data-element_type=\"widget\" data-widget_type=\"spacer.default\">\n\t\t\t\t<div class=\"elementor-widget-container\">\n\t\t\t\t\t\t\t<div class=\"elementor-spacer\">\n\t\t\t<div class=\"elementor-spacer-inner\"><\/div>\n\t\t<\/div>\n\t\t\t\t\t\t<\/div>\n\t\t\t\t<\/div>\n\t\t\t\t\t<\/div>\n\t\t\t\t<\/div>\n\t\t<div class=\"elementor-element elementor-element-b7d0ef5 e-flex e-con-boxed e-con e-parent\" data-id=\"b7d0ef5\" data-element_type=\"container\">\n\t\t\t\t\t<div class=\"e-con-inner\">\n\t\t\t\t<div class=\"elementor-element elementor-element-eabe621 elementor-widget elementor-widget-heading\" data-id=\"eabe621\" data-element_type=\"widget\" data-widget_type=\"heading.default\">\n\t\t\t\t<div class=\"elementor-widget-container\">\n\t\t\t\t\t<h1 class=\"elementor-heading-title elementor-size-default\">Servi\u00e7os<\/h1>\t\t\t\t<\/div>\n\t\t\t\t<\/div>\n\t\t\t\t\t<\/div>\n\t\t\t\t<\/div>\n\t\t<div class=\"elementor-element elementor-element-855b694 e-flex e-con-boxed e-con e-parent\" data-id=\"855b694\" data-element_type=\"container\">\n\t\t\t\t\t<div class=\"e-con-inner\">\n\t\t<div class=\"elementor-element elementor-element-30fc283 e-con-full e-flex e-con e-child\" data-id=\"30fc283\" data-element_type=\"container\">\n\t\t<div class=\"elementor-element elementor-element-f297808 e-flex e-con-boxed e-con e-child\" data-id=\"f297808\" data-element_type=\"container\">\n\t\t\t\t\t<div class=\"e-con-inner\">\n\t\t\t\t<div class=\"elementor-element elementor-element-6dafa8a elementor-widget__width-initial elementor-widget-mobile__width-inherit elementor-widget-tablet__width-initial elementor-position-top elementor-widget elementor-widget-image-box\" data-id=\"6dafa8a\" data-element_type=\"widget\" data-widget_type=\"image-box.default\">\n\t\t\t\t<div class=\"elementor-widget-container\">\n\t\t\t\t\t<div class=\"elementor-image-box-wrapper\"><figure class=\"elementor-image-box-img\"><a href=\"#\" tabindex=\"-1\"><img decoding=\"async\" width=\"150\" height=\"150\" data-src=\"https:\/\/cristianomouraoblindado.com.br\/wp-content\/uploads\/2024\/04\/demidov-armor-444M6ruAFhM-unsplash-150x150.jpg\" class=\"attachment-thumbnail size-thumbnail wp-image-1497 lazyload\" alt=\"\" src=\"data:image\/gif;base64,R0lGODlhAQABAAAAACH5BAEKAAEALAAAAAABAAEAAAICTAEAOw==\" style=\"--smush-placeholder-width: 150px; --smush-placeholder-aspect-ratio: 150\/150;\" \/><\/a><\/figure><div class=\"elementor-image-box-content\"><h4 class=\"elementor-image-box-title\"><a href=\"#\">Prote\u00e7\u00e3o Pessoal<\/a><\/h4><p class=\"elementor-image-box-description\">Prote\u00e7\u00e3o Pessoal para autoridades, empres\u00e1rios e suas fam\u00edlia. Profissionais \ntreinados pelo ex\u00e9rcito israelense para garantir sua seguran\u00e7a e tranquilidade.<\/p><\/div><\/div>\t\t\t\t<\/div>\n\t\t\t\t<\/div>\n\t\t\t\t<div class=\"elementor-element elementor-element-04ededa elementor-widget__width-initial elementor-widget-mobile__width-inherit elementor-widget-tablet__width-initial elementor-position-top elementor-widget elementor-widget-image-box\" data-id=\"04ededa\" data-element_type=\"widget\" data-widget_type=\"image-box.default\">\n\t\t\t\t<div class=\"elementor-widget-container\">\n\t\t\t\t\t<div class=\"elementor-image-box-wrapper\"><figure class=\"elementor-image-box-img\"><a href=\"#\" tabindex=\"-1\"><img decoding=\"async\" width=\"150\" height=\"150\" data-src=\"https:\/\/cristianomouraoblindado.com.br\/wp-content\/uploads\/2024\/04\/WhatsApp-Image-2024-04-01-at-2.50.58-PM-5-2-150x150.jpeg\" class=\"attachment-thumbnail size-thumbnail wp-image-1491 lazyload\" alt=\"\" src=\"data:image\/gif;base64,R0lGODlhAQABAAAAACH5BAEKAAEALAAAAAABAAEAAAICTAEAOw==\" style=\"--smush-placeholder-width: 150px; --smush-placeholder-aspect-ratio: 150\/150;\" \/><\/a><\/figure><div class=\"elementor-image-box-content\"><h4 class=\"elementor-image-box-title\"><a href=\"#\">Transfer Executivo Blindado<\/a><\/h4><p class=\"elementor-image-box-description\">Transporte executivo blindado com motorista especializado em seguran\u00e7a. Contamos com uma Frota de Carros Blindados de Alto Padr\u00e3o. Seguran\u00e7a e conforto garantidos em cada trajeto.<\/p><\/div><\/div>\t\t\t\t<\/div>\n\t\t\t\t<\/div>\n\t\t\t\t<div class=\"elementor-element elementor-element-76100b6 elementor-widget__width-initial elementor-widget-mobile__width-inherit elementor-widget-tablet__width-initial elementor-position-top elementor-widget elementor-widget-image-box\" data-id=\"76100b6\" data-element_type=\"widget\" data-widget_type=\"image-box.default\">\n\t\t\t\t<div class=\"elementor-widget-container\">\n\t\t\t\t\t<div class=\"elementor-image-box-wrapper\"><figure class=\"elementor-image-box-img\"><a href=\"#\" tabindex=\"-1\"><img decoding=\"async\" width=\"150\" height=\"150\" data-src=\"https:\/\/cristianomouraoblindado.com.br\/wp-content\/uploads\/2021\/05\/security-service-service-img-5-150x150.jpg\" class=\"attachment-thumbnail size-thumbnail wp-image-246 lazyload\" alt=\"\" src=\"data:image\/gif;base64,R0lGODlhAQABAAAAACH5BAEKAAEALAAAAAABAAEAAAICTAEAOw==\" style=\"--smush-placeholder-width: 150px; --smush-placeholder-aspect-ratio: 150\/150;\" \/><\/a><\/figure><div class=\"elementor-image-box-content\"><h4 class=\"elementor-image-box-title\"><a href=\"#\"> Treinamento t\u00e1tico operacional <\/a><\/h4><p class=\"elementor-image-box-description\">Treinamento t\u00e1tico operacional para profissionais de seguran\u00e7a em institui\u00e7\u00f5es p\u00fablicas e empresas. Instrutores qualificados com forma\u00e7\u00e3o pelo Ex\u00e9rcito Israelense.<\/p><\/div><\/div>\t\t\t\t<\/div>\n\t\t\t\t<\/div>\n\t\t\t\t<div class=\"elementor-element elementor-element-0a983f1 elementor-widget__width-initial elementor-widget-mobile__width-inherit elementor-widget-tablet__width-initial elementor-position-top elementor-widget elementor-widget-image-box\" data-id=\"0a983f1\" data-element_type=\"widget\" data-widget_type=\"image-box.default\">\n\t\t\t\t<div class=\"elementor-widget-container\">\n\t\t\t\t\t<div class=\"elementor-image-box-wrapper\"><figure class=\"elementor-image-box-img\"><a href=\"#\" tabindex=\"-1\"><img decoding=\"async\" width=\"150\" height=\"150\" data-src=\"https:\/\/cristianomouraoblindado.com.br\/wp-content\/uploads\/2024\/04\/john-salvino-QXgPXa6ydzg-unsplash-150x150.jpg\" class=\"attachment-thumbnail size-thumbnail wp-image-1500 lazyload\" alt=\"\" src=\"data:image\/gif;base64,R0lGODlhAQABAAAAACH5BAEKAAEALAAAAAABAAEAAAICTAEAOw==\" style=\"--smush-placeholder-width: 150px; --smush-placeholder-aspect-ratio: 150\/150;\" \/><\/a><\/figure><div class=\"elementor-image-box-content\"><h4 class=\"elementor-image-box-title\"><a href=\"#\">Consultoria em Seguran\u00e7a Patrimonial<\/a><\/h4><p class=\"elementor-image-box-description\">Consultoria especializada em seguran\u00e7a patrimonial para pr\u00e9dios e resid\u00eancias. Proteja seu patrim\u00f4nio com solu\u00e7\u00f5es personalizadas e eficazes.<\/p><\/div><\/div>\t\t\t\t<\/div>\n\t\t\t\t<\/div>\n\t\t\t\t<div class=\"elementor-element elementor-element-e108353 elementor-widget__width-initial elementor-widget-mobile__width-inherit elementor-widget-tablet__width-initial elementor-position-top elementor-widget elementor-widget-image-box\" data-id=\"e108353\" data-element_type=\"widget\" data-widget_type=\"image-box.default\">\n\t\t\t\t<div class=\"elementor-widget-container\">\n\t\t\t\t\t<div class=\"elementor-image-box-wrapper\"><figure class=\"elementor-image-box-img\"><a href=\"#\" tabindex=\"-1\"><img decoding=\"async\" width=\"150\" height=\"150\" data-src=\"https:\/\/cristianomouraoblindado.com.br\/wp-content\/uploads\/2024\/04\/greg-rosenke-1TjORT2dLOw-unsplash-150x150.jpg\" class=\"attachment-thumbnail size-thumbnail wp-image-1499 lazyload\" alt=\"\" src=\"data:image\/gif;base64,R0lGODlhAQABAAAAACH5BAEKAAEALAAAAAABAAEAAAICTAEAOw==\" style=\"--smush-placeholder-width: 150px; --smush-placeholder-aspect-ratio: 150\/150;\" \/><\/a><\/figure><div class=\"elementor-image-box-content\"><h4 class=\"elementor-image-box-title\"><a href=\"#\">Prote\u00e7\u00e3o em Escala Mundial<\/a><\/h4><p class=\"elementor-image-box-description\">Servi\u00e7o de seguran\u00e7a global. Prote\u00e7\u00e3o em qualquer lugar do mundo. Conte conosco para garantir sua seguran\u00e7a em qualquer localidade.<\/p><\/div><\/div>\t\t\t\t<\/div>\n\t\t\t\t<\/div>\n\t\t\t\t\t<\/div>\n\t\t\t\t<\/div>\n\t\t\t\t<\/div>\n\t\t\t\t\t<\/div>\n\t\t\t\t<\/div>\n\t\t<div class=\"elementor-element elementor-element-8bf328d e-flex e-con-boxed e-con e-parent\" data-id=\"8bf328d\" data-element_type=\"container\" data-settings=\"{&quot;background_background&quot;:&quot;classic&quot;}\">\n\t\t\t\t\t<div class=\"e-con-inner\">\n\t\t<div class=\"elementor-element elementor-element-e986e1f e-con-full e-flex e-con e-child\" data-id=\"e986e1f\" data-element_type=\"container\">\n\t\t\t\t<div class=\"elementor-element elementor-element-a736a78 elementor-widget elementor-widget-heading\" data-id=\"a736a78\" data-element_type=\"widget\" data-widget_type=\"heading.default\">\n\t\t\t\t<div class=\"elementor-widget-container\">\n\t\t\t\t\t<h6 class=\"elementor-heading-title elementor-size-default\">Junte-se a n\u00f3s<\/h6>\t\t\t\t<\/div>\n\t\t\t\t<\/div>\n\t\t\t\t<div class=\"elementor-element elementor-element-e59cab5 elementor-widget elementor-widget-heading\" data-id=\"e59cab5\" data-element_type=\"widget\" data-widget_type=\"heading.default\">\n\t\t\t\t<div class=\"elementor-widget-container\">\n\t\t\t\t\t<h2 class=\"elementor-heading-title elementor-size-default\">Seja uma empresa parceira<\/h2>\t\t\t\t<\/div>\n\t\t\t\t<\/div>\n\t\t\t\t<div class=\"elementor-element elementor-element-c5ad410 elementor-widget elementor-widget-text-editor\" data-id=\"c5ad410\" data-element_type=\"widget\" data-widget_type=\"text-editor.default\">\n\t\t\t\t<div class=\"elementor-widget-container\">\n\t\t\t\t\t\t\t\t\t<p>Oferecemos condi\u00e7\u00f5es especiais em nossos servi\u00e7os para empresas parceiras. Entre em contato para explorar as vantagens exclusivas que podemos oferecer \u00e0 sua empresa.<\/p>\t\t\t\t\t\t\t\t<\/div>\n\t\t\t\t<\/div>\n\t\t\t\t<div class=\"elementor-element elementor-element-4710a8c elementor-align-center elementor-widget elementor-widget-button\" data-id=\"4710a8c\" data-element_type=\"widget\" data-widget_type=\"button.default\">\n\t\t\t\t<div class=\"elementor-widget-container\">\n\t\t\t\t\t\t\t\t\t<div class=\"elementor-button-wrapper\">\n\t\t\t\t\t<a class=\"elementor-button elementor-button-link elementor-size-sm\" href=\"https:\/\/cristianomouraoblindado.com.br\/index.php\/contato\/\">\n\t\t\t\t\t\t<span class=\"elementor-button-content-wrapper\">\n\t\t\t\t\t\t\t\t\t<span class=\"elementor-button-text\">Entre em contato<\/span>\n\t\t\t\t\t<\/span>\n\t\t\t\t\t<\/a>\n\t\t\t\t<\/div>\n\t\t\t\t\t\t\t\t<\/div>\n\t\t\t\t<\/div>\n\t\t\t\t<\/div>\n\t\t\t\t\t<\/div>\n\t\t\t\t<\/div>\n\t\t\t\t<\/div>\n\t\t","protected":false},"excerpt":{"rendered":"<p>Servi\u00e7os Prote\u00e7\u00e3o Pessoal Prote\u00e7\u00e3o Pessoal para autoridades, empres\u00e1rios e suas fam\u00edlia. Profissionais treinados pelo ex\u00e9rcito israelense para garantir sua seguran\u00e7a e tranquilidade. Transfer Executivo Blindado Transporte executivo blindado com motorista especializado em seguran\u00e7a. Contamos com uma Frota de Carros Blindados de Alto Padr\u00e3o. Seguran\u00e7a e conforto garantidos em cada trajeto. Treinamento t\u00e1tico operacional Treinamento t\u00e1tico [&hellip;]<\/p>\n","protected":false},"author":1,"featured_media":0,"parent":0,"menu_order":0,"comment_status":"closed","ping_status":"closed","template":"","meta":{"site-sidebar-layout":"no-sidebar","site-content-layout":"page-builder","ast-site-content-layout":"full-width-container","site-content-style":"unboxed","site-sidebar-style":"unboxed","ast-global-header-display":"","ast-banner-title-visibility":"","ast-main-header-display":"","ast-hfb-above-header-display":"","ast-hfb-below-header-display":"","ast-hfb-mobile-header-display":"","site-post-title":"disabled","ast-breadcrumbs-content":"disabled","ast-featured-img":"disabled","footer-sml-layout":"","theme-transparent-header-meta":"enabled","adv-header-id-meta":"","stick-header-meta":"","header-above-stick-meta":"","header-main-stick-meta":"","header-below-stick-meta":"","astra-migrate-meta-layouts":"set","ast-page-background-enabled":"default","ast-page-background-meta":{"desktop":{"background-color":"","background-image":"","background-repeat":"repeat","background-position":"center center","background-size":"auto","background-attachment":"scroll","background-type":"","background-media":"","overlay-type":"","overlay-color":"","overlay-gradient":""},"tablet":{"background-color":"","background-image":"","background-repeat":"repeat","background-position":"center center","background-size":"auto","background-attachment":"scroll","background-type":"","background-media":"","overlay-type":"","overlay-color":"","overlay-gradient":""},"mobile":{"background-color":"","background-image":"","background-repeat":"repeat","background-position":"center center","background-size":"auto","background-attachment":"scroll","background-type":"","background-media":"","overlay-type":"","overlay-color":"","overlay-gradient":""}},"ast-content-background-meta":{"desktop":{"background-color":"var(--ast-global-color-5)","background-image":"","background-repeat":"repeat","background-position":"center center","background-size":"auto","background-attachment":"scroll","background-type":"","background-media":"","overlay-type":"","overlay-color":"","overlay-gradient":""},"tablet":{"background-color":"var(--ast-global-color-5)","background-image":"","background-repeat":"repeat","background-position":"center center","background-size":"auto","background-attachment":"scroll","background-type":"","background-media":"","overlay-type":"","overlay-color":"","overlay-gradient":""},"mobile":{"background-color":"var(--ast-global-color-5)","background-image":"","background-repeat":"repeat","background-position":"center center","background-size":"auto","background-attachment":"scroll","background-type":"","background-media":"","overlay-type":"","overlay-color":"","overlay-gradient":""}},"footnotes":""},"yoast_head":"<!-- This site is optimized with the Yoast SEO Premium plugin v19.1 (Yoast SEO v23.0) - https:\/\/yoast.com\/wordpress\/plugins\/seo\/ -->\n<title>Servi\u00e7os | Cristiano Mour\u00e3o Blindado<\/title>\n<meta name=\"robots\" content=\"index, follow, max-snippet:-1, max-image-preview:large, max-video-preview:-1\" \/>\n<link rel=\"canonical\" href=\"https:\/\/cristianomouraoblindado.com.br\/index.php\/servicos\/\" \/>\n<meta property=\"og:locale\" content=\"en_US\" \/>\n<meta property=\"og:type\" content=\"article\" \/>\n<meta property=\"og:title\" content=\"Servi\u00e7os\" \/>\n<meta property=\"og:description\" content=\"Servi\u00e7os Prote\u00e7\u00e3o Pessoal Prote\u00e7\u00e3o Pessoal para autoridades, empres\u00e1rios e suas fam\u00edlia. Profissionais treinados pelo ex\u00e9rcito israelense para garantir sua seguran\u00e7a e tranquilidade. Transfer Executivo Blindado Transporte executivo blindado com motorista especializado em seguran\u00e7a. Contamos com uma Frota de Carros Blindados de Alto Padr\u00e3o. Seguran\u00e7a e conforto garantidos em cada trajeto. Treinamento t\u00e1tico operacional Treinamento t\u00e1tico [&hellip;]\" \/>\n<meta property=\"og:url\" content=\"https:\/\/cristianomouraoblindado.com.br\/index.php\/servicos\/\" \/>\n<meta property=\"og:site_name\" content=\"Cristiano Mour\u00e3o Blindado\" \/>\n<meta property=\"article:modified_time\" content=\"2024-06-15T14:01:09+00:00\" \/>\n<meta property=\"og:image\" content=\"https:\/\/cristianomouraoblindado.com.br\/wp-content\/uploads\/2024\/04\/demidov-armor-444M6ruAFhM-unsplash-150x150.jpg\" \/>\n<meta name=\"twitter:card\" content=\"summary_large_image\" \/>\n<meta name=\"twitter:label1\" content=\"Est. reading time\" \/>\n\t<meta name=\"twitter:data1\" content=\"2 minutes\" \/>\n<script type=\"application\/ld+json\" class=\"yoast-schema-graph\">{\"@context\":\"https:\/\/schema.org\",\"@graph\":[{\"@type\":\"WebPage\",\"@id\":\"https:\/\/cristianomouraoblindado.com.br\/index.php\/servicos\/\",\"url\":\"https:\/\/cristianomouraoblindado.com.br\/index.php\/servicos\/\",\"name\":\"Servi\u00e7os | Cristiano Mour\u00e3o Blindado\",\"isPartOf\":{\"@id\":\"https:\/\/cristianomouraoblindado.com.br\/#website\"},\"primaryImageOfPage\":{\"@id\":\"https:\/\/cristianomouraoblindado.com.br\/index.php\/servicos\/#primaryimage\"},\"image\":{\"@id\":\"https:\/\/cristianomouraoblindado.com.br\/index.php\/servicos\/#primaryimage\"},\"thumbnailUrl\":\"https:\/\/cristianomouraoblindado.com.br\/wp-content\/uploads\/2024\/04\/demidov-armor-444M6ruAFhM-unsplash-150x150.jpg\",\"datePublished\":\"2021-05-08T08:44:37+00:00\",\"dateModified\":\"2024-06-15T14:01:09+00:00\",\"breadcrumb\":{\"@id\":\"https:\/\/cristianomouraoblindado.com.br\/index.php\/servicos\/#breadcrumb\"},\"inLanguage\":\"en-US\",\"potentialAction\":[{\"@type\":\"ReadAction\",\"target\":[\"https:\/\/cristianomouraoblindado.com.br\/index.php\/servicos\/\"]}]},{\"@type\":\"ImageObject\",\"inLanguage\":\"en-US\",\"@id\":\"https:\/\/cristianomouraoblindado.com.br\/index.php\/servicos\/#primaryimage\",\"url\":\"https:\/\/cristianomouraoblindado.com.br\/wp-content\/uploads\/2024\/04\/demidov-armor-444M6ruAFhM-unsplash-150x150.jpg\",\"contentUrl\":\"https:\/\/cristianomouraoblindado.com.br\/wp-content\/uploads\/2024\/04\/demidov-armor-444M6ruAFhM-unsplash-150x150.jpg\"},{\"@type\":\"BreadcrumbList\",\"@id\":\"https:\/\/cristianomouraoblindado.com.br\/index.php\/servicos\/#breadcrumb\",\"itemListElement\":[{\"@type\":\"ListItem\",\"position\":1,\"name\":\"Home\",\"item\":\"https:\/\/cristianomouraoblindado.com.br\/\"},{\"@type\":\"ListItem\",\"position\":2,\"name\":\"Servi\u00e7os\"}]},{\"@type\":\"WebSite\",\"@id\":\"https:\/\/cristianomouraoblindado.com.br\/#website\",\"url\":\"https:\/\/cristianomouraoblindado.com.br\/\",\"name\":\"Cristiano Mour\u00e3o Blindado\",\"description\":\"Escolta Armada e Transporte Executivo Blindado\",\"publisher\":{\"@id\":\"https:\/\/cristianomouraoblindado.com.br\/#organization\"},\"potentialAction\":[{\"@type\":\"SearchAction\",\"target\":{\"@type\":\"EntryPoint\",\"urlTemplate\":\"https:\/\/cristianomouraoblindado.com.br\/?s={search_term_string}\"},\"query-input\":\"required name=search_term_string\"}],\"inLanguage\":\"en-US\"},{\"@type\":\"Organization\",\"@id\":\"https:\/\/cristianomouraoblindado.com.br\/#organization\",\"name\":\"Cristiano Mour\u00e3o Blindado\",\"url\":\"https:\/\/cristianomouraoblindado.com.br\/\",\"logo\":{\"@type\":\"ImageObject\",\"inLanguage\":\"en-US\",\"@id\":\"https:\/\/cristianomouraoblindado.com.br\/#\/schema\/logo\/image\/\",\"url\":\"https:\/\/cristianomouraoblindado.com.br\/wp-content\/uploads\/2024\/04\/WhatsApp-Image-2024-04-01-at-2.50.58-PM-6-2.jpeg\",\"contentUrl\":\"https:\/\/cristianomouraoblindado.com.br\/wp-content\/uploads\/2024\/04\/WhatsApp-Image-2024-04-01-at-2.50.58-PM-6-2.jpeg\",\"width\":1280,\"height\":825,\"caption\":\"Cristiano Mour\u00e3o Blindado\"},\"image\":{\"@id\":\"https:\/\/cristianomouraoblindado.com.br\/#\/schema\/logo\/image\/\"}}]}<\/script>\n<!-- \/ Yoast SEO Premium plugin. -->","yoast_head_json":{"title":"Servi\u00e7os | Cristiano Mour\u00e3o Blindado","robots":{"index":"index","follow":"follow","max-snippet":"max-snippet:-1","max-image-preview":"max-image-preview:large","max-video-preview":"max-video-preview:-1"},"canonical":"https:\/\/cristianomouraoblindado.com.br\/index.php\/servicos\/","og_locale":"en_US","og_type":"article","og_title":"Servi\u00e7os","og_description":"Servi\u00e7os Prote\u00e7\u00e3o Pessoal Prote\u00e7\u00e3o Pessoal para autoridades, empres\u00e1rios e suas fam\u00edlia. Profissionais treinados pelo ex\u00e9rcito israelense para garantir sua seguran\u00e7a e tranquilidade. Transfer Executivo Blindado Transporte executivo blindado com motorista especializado em seguran\u00e7a. Contamos com uma Frota de Carros Blindados de Alto Padr\u00e3o. Seguran\u00e7a e conforto garantidos em cada trajeto. Treinamento t\u00e1tico operacional Treinamento t\u00e1tico [&hellip;]","og_url":"https:\/\/cristianomouraoblindado.com.br\/index.php\/servicos\/","og_site_name":"Cristiano Mour\u00e3o Blindado","article_modified_time":"2024-06-15T14:01:09+00:00","og_image":[{"url":"https:\/\/cristianomouraoblindado.com.br\/wp-content\/uploads\/2024\/04\/demidov-armor-444M6ruAFhM-unsplash-150x150.jpg"}],"twitter_card":"summary_large_image","twitter_misc":{"Est. reading time":"2 minutes"},"schema":{"@context":"https:\/\/schema.org","@graph":[{"@type":"WebPage","@id":"https:\/\/cristianomouraoblindado.com.br\/index.php\/servicos\/","url":"https:\/\/cristianomouraoblindado.com.br\/index.php\/servicos\/","name":"Servi\u00e7os | Cristiano Mour\u00e3o Blindado","isPartOf":{"@id":"https:\/\/cristianomouraoblindado.com.br\/#website"},"primaryImageOfPage":{"@id":"https:\/\/cristianomouraoblindado.com.br\/index.php\/servicos\/#primaryimage"},"image":{"@id":"https:\/\/cristianomouraoblindado.com.br\/index.php\/servicos\/#primaryimage"},"thumbnailUrl":"https:\/\/cristianomouraoblindado.com.br\/wp-content\/uploads\/2024\/04\/demidov-armor-444M6ruAFhM-unsplash-150x150.jpg","datePublished":"2021-05-08T08:44:37+00:00","dateModified":"2024-06-15T14:01:09+00:00","breadcrumb":{"@id":"https:\/\/cristianomouraoblindado.com.br\/index.php\/servicos\/#breadcrumb"},"inLanguage":"en-US","potentialAction":[{"@type":"ReadAction","target":["https:\/\/cristianomouraoblindado.com.br\/index.php\/servicos\/"]}]},{"@type":"ImageObject","inLanguage":"en-US","@id":"https:\/\/cristianomouraoblindado.com.br\/index.php\/servicos\/#primaryimage","url":"https:\/\/cristianomouraoblindado.com.br\/wp-content\/uploads\/2024\/04\/demidov-armor-444M6ruAFhM-unsplash-150x150.jpg","contentUrl":"https:\/\/cristianomouraoblindado.com.br\/wp-content\/uploads\/2024\/04\/demidov-armor-444M6ruAFhM-unsplash-150x150.jpg"},{"@type":"BreadcrumbList","@id":"https:\/\/cristianomouraoblindado.com.br\/index.php\/servicos\/#breadcrumb","itemListElement":[{"@type":"ListItem","position":1,"name":"Home","item":"https:\/\/cristianomouraoblindado.com.br\/"},{"@type":"ListItem","position":2,"name":"Servi\u00e7os"}]},{"@type":"WebSite","@id":"https:\/\/cristianomouraoblindado.com.br\/#website","url":"https:\/\/cristianomouraoblindado.com.br\/","name":"Cristiano Mour\u00e3o Blindado","description":"Escolta Armada e Transporte Executivo Blindado","publisher":{"@id":"https:\/\/cristianomouraoblindado.com.br\/#organization"},"potentialAction":[{"@type":"SearchAction","target":{"@type":"EntryPoint","urlTemplate":"https:\/\/cristianomouraoblindado.com.br\/?s={search_term_string}"},"query-input":"required name=search_term_string"}],"inLanguage":"en-US"},{"@type":"Organization","@id":"https:\/\/cristianomouraoblindado.com.br\/#organization","name":"Cristiano Mour\u00e3o Blindado","url":"https:\/\/cristianomouraoblindado.com.br\/","logo":{"@type":"ImageObject","inLanguage":"en-US","@id":"https:\/\/cristianomouraoblindado.com.br\/#\/schema\/logo\/image\/","url":"https:\/\/cristianomouraoblindado.com.br\/wp-content\/uploads\/2024\/04\/WhatsApp-Image-2024-04-01-at-2.50.58-PM-6-2.jpeg","contentUrl":"https:\/\/cristianomouraoblindado.com.br\/wp-content\/uploads\/2024\/04\/WhatsApp-Image-2024-04-01-at-2.50.58-PM-6-2.jpeg","width":1280,"height":825,"caption":"Cristiano Mour\u00e3o Blindado"},"image":{"@id":"https:\/\/cristianomouraoblindado.com.br\/#\/schema\/logo\/image\/"}}]}},"_links":{"self":[{"href":"https:\/\/cristianomouraoblindado.com.br\/index.php\/wp-json\/wp\/v2\/pages\/230"}],"collection":[{"href":"https:\/\/cristianomouraoblindado.com.br\/index.php\/wp-json\/wp\/v2\/pages"}],"about":[{"href":"https:\/\/cristianomouraoblindado.com.br\/index.php\/wp-json\/wp\/v2\/types\/page"}],"author":[{"embeddable":true,"href":"https:\/\/cristianomouraoblindado.com.br\/index.php\/wp-json\/wp\/v2\/users\/1"}],"replies":[{"embeddable":true,"href":"https:\/\/cristianomouraoblindado.com.br\/index.php\/wp-json\/wp\/v2\/comments?post=230"}],"version-history":[{"count":45,"href":"https:\/\/cristianomouraoblindado.com.br\/index.php\/wp-json\/wp\/v2\/pages\/230\/revisions"}],"predecessor-version":[{"id":1617,"href":"https:\/\/cristianomouraoblindado.com.br\/index.php\/wp-json\/wp\/v2\/pages\/230\/revisions\/1617"}],"wp:attachment":[{"href":"https:\/\/cristianomouraoblindado.com.br\/index.php\/wp-json\/wp\/v2\/media?parent=230"}],"curies":[{"name":"wp","href":"https:\/\/api.w.org\/{rel}","templated":true}]}}